 Let f be (15/((-225)/g))/((-1)/11). What is the highest common factor of 451 and f?
11
Suppose 49*s - 51161 - 3309 = 20941. Calculate the greatest common factor of s and 1863.
81
Suppose 2*t = 7*t - 50. Let d be t/35 - 4/14. Suppose 2*h - 65 = -5*v + 6*h, d = -5*v + 3*h + 60. Calculate the highest common divisor of 1 and v.
1
Let s(p) = -3*p + 24. Let j(a) = 7*a - 69. Let o(z) = -3*j(z) - 8*s(z). Let c be o(10). What is the greatest common divisor of c and 5?
5
Suppose 2*t + 289*o - 5124 = 288*o, -t + 2547 = 3*o. Calculate the greatest common divisor of 171 and t.
171
Let x = -505 - -943. Suppose 4*j + x = 1678. Calculate the greatest common factor of 20 and j.
10
Let g = -275 + 392. Suppose 6*s - 31*s + 754 = 4*s. What is the highest common divisor of s and g?
13
Suppose -3*h + 4*m = -210, 4*h = 7*h + 3*m - 210. What is the greatest common factor of 265 and h?
5
Suppose -1439 = -7*d - 898 + 1237. What is the greatest common divisor of 4 and d?
2
Suppose 3*a - 92 = -a. Let r = 23 - a. Suppose m = -3*q + 91, -2*q = -r*m + m - 61. What is the greatest common factor of q and 120?
30
Let n(q) = -q**2 - 18*q - 22. Let j be n(-16). Suppose 10*a = 12*a - 10. Suppose -a*x + 130 = 8*x. What is the highest common factor of x and j?
10
Suppose 0 = 6*r - 3*r - 120. Let x(h) = h**2 - 2*h - 13. Let b be x(5). Suppose b*u + 700 = 9*u. What is the highest common factor of u and r?
20
Let m be (55/3 - 5)*6. Suppose -4*t = 12*t - m. Suppose -t*d - 20 = r - 86, 4*d - 16 = 0. Calculate the greatest common divisor of 23 and r.
23
Let u be (-42)/(-30) - 2 - 45459/(-15). Calculate the greatest common factor of 60 and u.
30
Let x(a) = -a**2 + 5. Let z be x(2). Let c(b) = 61*b**2 + 19*b - 18. Let y be c(z). Calculate the highest common divisor of 62 and y.
62
Suppose 2*d - 6 = 0, 5*l + 3*d - 284 = -0*d. Let o = l + -55. Suppose o*p + s + 28 = p, s = 0. Calculate the greatest common divisor of p and 224.
28
Suppose 0 = -2*p + 92 + 44. Let v = 224 + -147. Let i = v - -93. What is the highest common factor of i and p?
34
Let k(m) = -5*m + 2. Let r be (4 - 6)*(2 - 1). Let v be k(r). Suppose -n - 59 = -w, 25*w = 24*w + 2*n + 58. What is the greatest common divisor of v and w?
12
Let d = 3892 + 417. What is the highest common factor of 139 and d?
139
Suppose 2*m + 6 = 0, 9*m - 5*m = j - 28. Suppose j = 31*d - 29*d. Let f(o) = -o**3 - 2*o + 32. Let x be f(0). What is the greatest common divisor of d and x?
8
Let y(h) = h**3 + 9*h**2 + 13*h + 1. Let n be y(-7). Suppose -2*l - n = 0, 5*c + 3*l - 83 = -0*l. Calculate the highest common divisor of c and 209.
19
Let g(z) = 6*z - 33. Let t be g(17). Suppose -92 = -s - 5*c, -4*c = 6*s - 10*s + 368. Calculate the greatest common factor of t and s.
23
Let b = 557 + -580. Let q(p) = 13*p + 330. Let t be q(b). Calculate the greatest common factor of t and 403.
31
Let b(k) = 49*k**2 - 74*k + 1608. Let d be b(17). What is the greatest common divisor of 63 and d?
21
Let w = -11 - -13. Suppose w*f = 3*f. Let l(b) = 2*b**2 + 18. Let s be l(f). Calculate the greatest common factor of s and 108.
18
Suppose -365 = -2*l - 3*u, 3*u - 768 - 167 = -5*l. Let b = 270 - l. Calculate the highest common divisor of b and 880.
80
Let s(h) = -18*h + 56*h - 2*h**2 - 666 + 628. Let n be s(17). Let o = -67 + 112. What is the greatest common divisor of o and n?
15
Suppose 65*y + 53*y = 2124. Let m be ((-26)/(-4))/((-4)/(-144)). Calculate the greatest common factor of m and y.
18
Let t(c) = c. Let o(n) = -13*n + 262. Let y(z) = o(z) - 3*t(z). Let g be y(16). Let v be (-2 + 1)*0 + 3. What is the greatest common divisor of g and v?
3
Let o be (-71)/1349 + 2055/57. Calculate the greatest common factor of o and 3096.
36
Suppose 2*x - 23 - 31 = 0. Let h be (16/6)/(2/x). Let q(r) = 11*r**3 + 2*r**2 + 3*r - 4. Let j be q(1). What is the highest common divisor of h and j?
12
Let x be 4/14 - ((-30)/42 + -5). Suppose -20 = -b + u, 5*b + x*u - 60 = u. Calculate the greatest common factor of 176 and b.
16
Let b(h) be the third derivative of 27*h**4/8 - 22*h**3/3 + 5*h**2 + 15. Let v be b(6). Calculate the highest common factor of 26 and v.
26
Suppose o = -12 + 27. Suppose -2 = 5*i - 5*w + 8, -6 = 2*i - 3*w. Suppose 0*a - 4*a + 5*f + 7 = i, -f - 2 = -a. What is the highest common divisor of o and a?
3
Suppose -329 = -4*l - 125. Let i be (-6)/15 + l/15. Let k(p) = 13*p + 6. Let g be k(i). Calculate the greatest common factor of 5 and g.
5
Suppose d - 2023 = -y, -716 = -2*d + 5*y + 3393. What is the greatest common factor of 889 and d?
127
Suppose -2*u = -2*v - 49504, 7*u - 71639 = -v + 101625. What is the highest common factor of u and 221?
221
Let p(n) be the second derivative of -n**3 - 73*n**2/2 - 57*n. Let l be p(-13). What is the highest common divisor of 40 and l?
5
Let j = -23 + 52. Suppose -2947 = -5*u + 388. What is the greatest common divisor of u and j?
29
Let v = 172 - 64. Let b = v + -104. Suppose -6*z - 177 = -b*g - 5*z, 0 = 4*z - 12. Calculate the greatest common factor of g and 495.
45
Let d(o) = o**3 - 4*o + 4. Let w be d(0). Let j be ((-15)/w*-3)/((-14)/(-112)). Suppose 2*p - j = 64. What is the greatest common factor of p and 7?
7
Suppose 0 = -13*x + 49 + 367. Let l = 83 - x. What is the greatest common factor of 136 and l?
17
Let m(s) = -4*s - 109. Let x be m(-22). Let d(t) = t**2 + 10*t - 207. Let h be d(x). Calculate the highest common factor of h and 128.
8
Let f = -1339 - -1419. Let h = -8 + 10. Suppose h*z - 128 - f = 0. What is the greatest common factor of z and 8?
8
Let o = 79 - -50. Suppose -n - o = -5*n + y, -3*y - 35 = -n. What is the greatest common factor of 32 and n?
32
Suppose -141*x = -143*x - 3*v + 2, -3*x = 5*v - 2. What is the greatest common factor of 90 and x?
2
Let r = 9 + 36. Suppose -4*t - 5*v = -r - 3, 0 = -t + 3*v + 12. Let w = t + -10. What is the highest common factor of w and 4?
2
Let s be ((-3 + 4)*9597)/(-6 + (-95)/(-15)). Calculate the greatest common divisor of 9 and s.
9
Let u = 4 + -1. Suppose 54 = u*s - 0*s. Let x(p) = p**3 + 18*p**2 + 50*p - 150. Let i be x(-13). Calculate the highest common factor of i and s.
9
Suppose -5*y + 5440 = -13*z + 18*z, 0 = -3*y - 6. What is the greatest common divisor of 50 and z?
10
Let h = 22 + -24. Let w be 5 + h - (-2 + -2). Suppose -70*v = -75*v - o + 390, -5*o - 360 = -5*v. What is the highest common divisor of w and v?
7
Let b be (24/56)/(2/14). Suppose -6*q + b*q + 3 = 0, -2*q = -3*i + 238. What is the greatest common factor of i and 30?
10
Let r(t) = 7*t + 4*t - t**3 + 9 - 16*t + 9*t**2. Let q be r(8). Let u be 1/(-2) + 25/2 + -1. What is the greatest common factor of u and q?
11
Let z = -7364 + 8642. Calculate the greatest common divisor of 288 and z.
18
Suppose -180 = -10*r + 180. Suppose -5*f + r = -914. Suppose 0 = -2*h + 3*w + 99, 0 = -4*h - 0*w - 2*w + f. Calculate the highest common divisor of 72 and h.
24
Let d(x) = 12*x + 79. Let v be d(-5). Suppose -v*t + 2565 = -10*t. What is the highest common factor of 15 and t?
15
Suppose 2*s - 77 = -5*a, 4*a + s = -2*s + 63. Suppose -q = 5*o - 27, 2*o = -3*o + a. What is the highest common factor of q and 156?
12
Suppose s - 1016 = -4*f + 865, 0 = 2*s + f - 3804. What is the highest common factor of s and 60?
15
Let q(o) = -4*o - 12. Let c be q(-4). Suppose 0 = c*n - i - 131, 4*n - 4*i - 82 = n. Calculate the highest common factor of n and 136.
34
Let k(d) = -2*d**3 - 19*d**2 - 9*d - 18. Let x be k(-9). Let u be 3/(-18) - 1731/x. What is the greatest common factor of u and 40?
8
Let d be (-6 - 1/2*-26)*1 + 2. What is the greatest common divisor of d and 2841?
3
Let x = 14 - 11. Suppose -8 = -3*z - 2*m, 3*z + 0*z + 3*m = x. Let g = -91 + 115. What is the greatest common divisor of g and z?
6
Suppose 10 = 4*m - 2. Suppose -1360 = v + m*v. Let r be (v/(-8))/(2/4). What is the highest common factor of 34 and r?
17
Suppose 3*q - 146 = -2*z + 79, -2*q + 114 = z. Let c(a) = 24*a + 87. Let p be c(7). Let x = 267 - p. Calculate the highest common divisor of x and z.
12
Let q = 5596 - 2376. What is the highest common divisor of q and 20?
20
Let i(b) be the third derivative of -b**6/30 + b**4/8 + 5*b**3/6 + 11*b**2. Let m be i(-3). What is the greatest common divisor of 39 and m?
13
Let c(o) = -o**2 - 13*o - 12. Let s be c(-12). Suppose 